{"id":44,"date":"2020-07-23T07:30:47","date_gmt":"2020-07-23T07:30:47","guid":{"rendered":"http:\/\/odontologia.mktmedico.com.ar\/?page_id=44"},"modified":"2020-08-10T06:52:24","modified_gmt":"2020-08-10T06:52:24","slug":"tratamientos","status":"publish","type":"page","link":"https:\/\/odontologia.mktmedico.com.ar\/?page_id=44","title":{"rendered":"Tratamientos"},"content":{"rendered":"<p>[et_pb_section fb_built=\u00bb1&#8243; _builder_version=\u00bb4.5.1&#8243; _module_preset=\u00bbdefault\u00bb use_background_color_gradient=\u00bbon\u00bb background_color_gradient_start=\u00bbrgba(0,116,188,0.85)\u00bb background_color_gradient_end=\u00bbrgba(0,116,188,0.85)\u00bb background_color_gradient_overlays_image=\u00bbon\u00bb background_image=\u00bbhttps:\/\/odontologia.mktmedico.com.ar\/wp-content\/uploads\/2020\/07\/banner-web.jpg\u00bb custom_padding=\u00bb60px||60px||true|false\u00bb global_module=\u00bb229852&#8243; saved_tabs=\u00bball\u00bb locked=\u00bboff\u00bb][et_pb_row column_structure=\u00bb3_5,2_5&#8243; _builder_version=\u00bb4.5.1&#8243; _module_preset=\u00bbdefault\u00bb][et_pb_column type=\u00bb3_5&#8243; _builder_version=\u00bb4.5.1&#8243; _module_preset=\u00bbdefault\u00bb][et_pb_text _builder_version=\u00bb4.5.1&#8243; _dynamic_attributes=\u00bbcontent\u00bb _module_preset=\u00bbdefault\u00bb text_font_size=\u00bb40px\u00bb header_3_text_color=\u00bb#ffffff\u00bb header_3_font_size=\u00bb42px\u00bb header_3_letter_spacing=\u00bb1px\u00bb custom_margin_tablet=\u00bb\u00bb custom_margin_phone=\u00bb||||false|false\u00bb custom_margin_last_edited=\u00bbon|phone\u00bb custom_padding_tablet=\u00bb\u00bb custom_padding_phone=\u00bb||||false|false\u00bb custom_padding_last_edited=\u00bbon|phone\u00bb header_3_text_align_tablet=\u00bb\u00bb header_3_text_align_phone=\u00bbcenter\u00bb header_3_text_align_last_edited=\u00bbon|phone\u00bb]@ET-DC@eyJkeW5hbWljIjp0cnVlLCJjb250ZW50IjoicG9zdF9saW5rIiwic2V0dGluZ3MiOnsiYmVmb3JlIjoiPGgzPiIsImFmdGVyIjoiPC9oMz4iLCJ0ZXh0IjoicG9zdF90aXRsZSIsImN1c3RvbV90ZXh0IjoiIn19@[\/et_pb_text][\/et_pb_column][et_pb_column type=\u00bb2_5&#8243; _builder_version=\u00bb4.5.1&#8243; _module_preset=\u00bbdefault\u00bb][et_pb_text _builder_version=\u00bb4.5.1&#8243; _dynamic_attributes=\u00bbcontent\u00bb _module_preset=\u00bbdefault\u00bb text_font=\u00bb||||||||\u00bb text_text_color=\u00bb#ffffff\u00bb text_letter_spacing=\u00bb1px\u00bb link_text_color=\u00bb#ffffff\u00bb text_orientation=\u00bbright\u00bb custom_margin=\u00bb18px||||false|false\u00bb custom_margin_tablet=\u00bb\u00bb custom_margin_phone=\u00bb0px||||false|false\u00bb custom_margin_last_edited=\u00bbon|phone\u00bb custom_padding_tablet=\u00bb\u00bb custom_padding_phone=\u00bb||||false|false\u00bb custom_padding_last_edited=\u00bbon|phone\u00bb text_orientation_tablet=\u00bb\u00bb text_orientation_phone=\u00bbcenter\u00bb text_orientation_last_edited=\u00bbon|phone\u00bb]@ET-DC@eyJkeW5hbWljIjp0cnVlLCJjb250ZW50IjoicG9zdF9saW5rIiwic2V0dGluZ3MiOnsiYmVmb3JlIjoiPGEgaHJlZj1cImh0dHA6Ly9taWNoZWxldHRpb2RvbnRvbG9naWEuY29tLmFyL1wiPkhvbWU8L2E+IC8gIiwiYWZ0ZXIiOiIiLCJ0ZXh0IjoicG9zdF90aXRsZSIsImN1c3RvbV90ZXh0IjoiIn19@[\/et_pb_text][\/et_pb_column][\/et_pb_row][\/et_pb_section][et_pb_section fb_built=\u00bb1&#8243; admin_label=\u00bbEmail and FAQ\u00bb _builder_version=\u00bb3.22&#8243;][et_pb_row custom_padding_last_edited=\u00bbon|phone\u00bb _builder_version=\u00bb4.5.1&#8243; background_color=\u00bb#F2F2F2&#8243; width=\u00bb90%\u00bb width_tablet=\u00bb100%\u00bb width_phone=\u00bb\u00bb width_last_edited=\u00bbon|tablet\u00bb max_width=\u00bbnone\u00bb custom_padding=\u00bb80px|80px|80px|80px|true|true\u00bb custom_padding_tablet=\u00bb40px|40px|40px|40px|true|true\u00bb custom_padding_phone=\u00bb|25px||25px|false|true\u00bb hover_enabled=\u00bb0&#8243; locked=\u00bboff\u00bb background_last_edited=\u00bbon|phone\u00bb background_color_phone=\u00bb#ffffff\u00bb background_enable_color_phone=\u00bbon\u00bb][et_pb_column type=\u00bb4_4&#8243; _builder_version=\u00bb4.4.0&#8243;][et_pb_accordion icon_color=\u00bb#000000&#8243; use_icon_font_size=\u00bbon\u00bb icon_font_size=\u00bb18px\u00bb _builder_version=\u00bb4.5.1&#8243; _module_preset=\u00bbdefault\u00bb toggle_font_size=\u00bb22px\u00bb custom_margin=\u00bb||||false|false\u00bb custom_padding=\u00bb||||false|false\u00bb custom_css_toggle=\u00bbmargin-top: -15px\u00bb][et_pb_accordion_item title=\u00bbImplantolog\u00eda\u00bb _builder_version=\u00bb4.5.1&#8243; _module_preset=\u00bbdefault\u00bb open=\u00bboff\u00bb]Los implantes dentales hoy en d\u00eda son conocidos como el m\u00e9todo n\u00famero uno para reemplazar un diente que no puede ser restaurado o salvado por m\u00e1s tiempo en boca. Estas ra\u00edces artificiales representan la soluci\u00f3n a largo plazo y de manera definitiva para mantener la funci\u00f3n masticatoria y la est\u00e9tica dental y reportan arriba de un 97% de \u00e9xito en todos los casos tratados. Una ra\u00edz artificial ser\u00e1 colocada en el hueso, el cual se integrar\u00e1 a ella (osteointegraci\u00f3n) para permitir la posterior colocaci\u00f3n de una corona sobre dicha ra\u00edz artificial, sinti\u00e9ndose y luci\u00e9ndose como un diente natural.[\/et_pb_accordion_item][et_pb_accordion_item title=\u00bbPr\u00f3tesis\u00bb _builder_version=\u00bb4.5.1&#8243; _module_preset=\u00bbdefault\u00bb open=\u00bbon\u00bb]<\/p>\n<p>Las pr\u00f3tesis dentales son estructuras que se utilizan para reemplazar o restaurar piezas p\u00e9rdidas o deterioradas. Existen diversos tipos de pr\u00f3tesis dentales y cada una de ellas ser\u00e1 indicada seg\u00fan las necesidades del paciente. <strong>Coronas, Puentes dentales, Dentaduras completas.<\/strong><\/p>\n<p>[\/et_pb_accordion_item][et_pb_accordion_item title=\u00bbBlanqueamiento\u00bb _builder_version=\u00bb4.5.1&#8243; _module_preset=\u00bbdefault\u00bb open=\u00bboff\u00bb]<\/p>\n<p>El blanqueamiento con arco de luz de plasma es un sistema de origen belga que brinda hasta 10 tonos menos en una sesi\u00f3n de 60 a 90 minutos.<\/p>\n<p>Con este tratamiento se obtiene un blanqueamiento perfecto, homog\u00e9neo y persistente. Su permanencia depender\u00e1 siempre de los h\u00e1bitos alimenticios del paciente.<\/p>\n<p>El procedimiento es muy sencillo, indoloro e inocuo. Se aplica un gel de PH neutro y s\u00f3lo resta sonre\u00edr mientras la luz de arco de plasma realiza un blanqueo uniforme en ambos maxilares. <strong>Se puede realizar en cualquier adulto salvo embarazadas y lactantes.<\/strong><\/p>\n<p>[\/et_pb_accordion_item][et_pb_accordion_item title=\u00bbCirug\u00eda\u00bb open=\u00bboff\u00bb _builder_version=\u00bb4.5.1&#8243; _module_preset=\u00bbdefault\u00bb]<\/p>\n<p>Las cirug\u00edas dentomaxilares, son aquellas que realiza el odont\u00f3logo general y que se realizan en forma ambulatoria en el consultorio con anestesia local. Abarca las extracciones simples, extracciones m\u00e1s complejas como las piezas retenidas en hueso (muelas de juicio) y otras intervenciones de tejidos de bajo riesgo.<\/p>\n<p>La cirug\u00eda maxilofacial, en cambio, implica un riesgo mayor y requiere la intervenci\u00f3n de profesionales altamente especializados. El \u00e1mbito excede al diente y su relaci\u00f3n con el maxilar, pues act\u00faan sobre tejidos perif\u00e9ricos, por ejemplo: fractura de huesos craneofaciales por traumatismo severo, extirpaci\u00f3n de tumores en tejidos duros y blandos de la boca, etc.\u00a0 La mayor\u00eda de estos casos se resuelven en quir\u00f3fanos y bajo anestesia general y\u00a0 algunos casos, requiere de cirug\u00edas est\u00e9ticas.<\/p>\n<p>[\/et_pb_accordion_item][et_pb_accordion_item title=\u00bbOrtodoncia\u00bb _builder_version=\u00bb4.5.1&#8243; _module_preset=\u00bbdefault\u00bb open=\u00bboff\u00bb]<\/p>\n<p>Una sonrisa atractiva no s\u00f3lo mejora la autoestima de las personas, sino que adem\u00e1s es un claro signo de buena salud. Los dientes encimados y torcidos sin tratamiento ortod\u00f3ncico pueden empeorar y son dif\u00edciles de limpiar y mantener sanos.<\/p>\n<p>[\/et_pb_accordion_item][et_pb_accordion_item title=\u00bbPeriodoncia\u00bb _builder_version=\u00bb4.5.1&#8243; _module_preset=\u00bbdefault\u00bb open=\u00bboff\u00bb]<\/p>\n<p>Conocer el estado de salud o enfermedad de la enc\u00eda y hueso es fundamental para mantener nuestros dientes en boca sanos. Un an\u00e1lisis detallado de cada una de estas estructuras comprende una evaluaci\u00f3n cl\u00ednica (periodontograma), radiogr\u00e1fica y fotogr\u00e1fica, as\u00ed como un test de presencia de biofilm bacteriano, factor determinante para el control de las enfermedades periodontales.<\/p>\n<p>[\/et_pb_accordion_item][et_pb_accordion_item title=\u00bbEndodoncia\u00bb _builder_version=\u00bb4.5.1&#8243; _module_preset=\u00bbdefault\u00bb open=\u00bboff\u00bb]<\/p>\n<p>La endodoncia sirve para conservar las piezas dentales sin necesidad de recurrir a la extracci\u00f3n, y es el \u00faltimo recurso para conservar aquellos dientes que tienen alguna afecci\u00f3n en el nervio dental y su periferia e incluye procedimientos como Tratamientos de conductos radiculares, Retratamiento de conductos radiculares, Revascularizaci\u00f3n (\u00e1pices inmaduros) y Apicectom\u00edas.<\/p>\n<p>[\/et_pb_accordion_item][et_pb_accordion_item title=\u00bbRehabilitaci\u00f3n Oral \u00bb _builder_version=\u00bb4.5.1&#8243; _module_preset=\u00bbdefault\u00bb open=\u00bboff\u00bb]<\/p>\n<p>Cuando una persona pierde piezas dentarias importantes es posible devolverle la funcionalidad a la boca mediante pr\u00f3tesis dentarias para mejorar la calidad de vida y la est\u00e9tica de la persona. Estas pueden ser de diversos materiales como acr\u00edlicos o cer\u00e1micas.<\/p>\n<p>[\/et_pb_accordion_item][et_pb_accordion_item title=\u00bbOdontolog\u00eda Digital \u00bb _builder_version=\u00bb4.5.1&#8243; _module_preset=\u00bbdefault\u00bb open=\u00bboff\u00bb]<\/p>\n<p>Hoy en d\u00eda para hacer una pr\u00f3tesis dentaria se cuenta con herramientas de \u00faltima tecnolog\u00eda que permiten generar modelos digitales para llevar adelante diferentes procedimientos con un m\u00e1ximo de exactitud.<\/p>\n<p>[\/et_pb_accordion_item][\/et_pb_accordion][\/et_pb_column][\/et_pb_row][\/et_pb_section]<\/p>\n","protected":false},"excerpt":{"rendered":"<p>Los implantes dentales hoy en d\u00eda son conocidos como el m\u00e9todo n\u00famero uno para reemplazar un diente que no puede ser restaurado o salvado por m\u00e1s tiempo en boca. Estas ra\u00edces artificiales representan la soluci\u00f3n a largo plazo y de manera definitiva para mantener la funci\u00f3n masticatoria y la est\u00e9tica dental y reportan arriba de [&hellip;]<\/p>\n","protected":false},"author":2,"featured_media":0,"parent":0,"menu_order":0,"comment_status":"closed","ping_status":"closed","template":"","meta":{"_et_pb_use_builder":"on","_et_pb_old_content":"","_et_gb_content_width":"","footnotes":""},"class_list":["post-44","page","type-page","status-publish","hentry"],"_links":{"self":[{"href":"https:\/\/odontologia.mktmedico.com.ar\/index.php?rest_route=\/wp\/v2\/pages\/44","targetHints":{"allow":["GET"]}}],"collection":[{"href":"https:\/\/odontologia.mktmedico.com.ar\/index.php?rest_route=\/wp\/v2\/pages"}],"about":[{"href":"https:\/\/odontologia.mktmedico.com.ar\/index.php?rest_route=\/wp\/v2\/types\/page"}],"author":[{"embeddable":true,"href":"https:\/\/odontologia.mktmedico.com.ar\/index.php?rest_route=\/wp\/v2\/users\/2"}],"replies":[{"embeddable":true,"href":"https:\/\/odontologia.mktmedico.com.ar\/index.php?rest_route=%2Fwp%2Fv2%2Fcomments&post=44"}],"version-history":[{"count":6,"href":"https:\/\/odontologia.mktmedico.com.ar\/index.php?rest_route=\/wp\/v2\/pages\/44\/revisions"}],"predecessor-version":[{"id":230346,"href":"https:\/\/odontologia.mktmedico.com.ar\/index.php?rest_route=\/wp\/v2\/pages\/44\/revisions\/230346"}],"wp:attachment":[{"href":"https:\/\/odontologia.mktmedico.com.ar\/index.php?rest_route=%2Fwp%2Fv2%2Fmedia&parent=44"}],"curies":[{"name":"wp","href":"https:\/\/api.w.org\/{rel}","templated":true}]}}